{"id":57,"date":"2017-09-08T09:20:01","date_gmt":"2017-09-08T09:20:01","guid":{"rendered":"http:\/\/www.kindergarten-kindertraum.de\/?page_id=57"},"modified":"2019-12-06T10:27:17","modified_gmt":"2019-12-06T09:27:17","slug":"u3","status":"publish","type":"page","link":"https:\/\/kindergarten-kindertraum.de\/?page_id=57","title":{"rendered":"U3"},"content":{"rendered":"<h2>U3 Gruppe<\/h2>\n<p>In unserem Kindergarten gibt es 2 U-3 Gruppen, die Krabbelk\u00e4fer und die Gl\u00fchw\u00fcrmchen.<\/p>\n<p>In jeder Gruppe finden 10 Kinder im Alter von 4 Monaten bis 3 Jahren einen Platz.<\/p>\n<div id=\"attachment_499\" style=\"width: 228px\" class=\"wp-caption alignright\"><img loading=\"lazy\" decoding=\"async\" aria-describedby=\"caption-attachment-499\" class=\" wp-image-499\" src=\"https:\/\/kindergarten-kindertraum.de\/wp-content\/uploads\/2019\/11\/Krabbelk\u00e4fer.jpg\" alt=\"\" width=\"218\" height=\"154\" srcset=\"https:\/\/kindergarten-kindertraum.de\/wp-content\/uploads\/2019\/11\/Krabbelk\u00e4fer.jpg 750w, https:\/\/kindergarten-kindertraum.de\/wp-content\/uploads\/2019\/11\/Krabbelk\u00e4fer-300x212.jpg 300w\" sizes=\"auto, (max-width: 218px) 100vw, 218px\" \/><p id=\"caption-attachment-499\" class=\"wp-caption-text\">Krabbelk\u00e4fer<\/p><\/div>\n<h2>Ziele der U3 Erziehung<\/h2>\n<p>In der U3 Gruppe geht es um die erste Abl\u00f6sung vom Elternhaus und den \u00dcbergang in den Kindergarten.<\/p>\n<p>Unsere U3 Gruppen werden liebevoll von unseren qualifizierten Erzieherinnen betreut.<\/p>\n<p>Sie holen jedes Kind da ab, wo es von der Entwicklung her steht und f\u00f6rdern es individuell.<\/p>\n<p>Gef\u00f6rdert wird:<\/p>\n<p>Sozialverhalten, Erleben in der Gruppe, Selbstvertrauen, Mut, Sinneserfahrung, Fein- und Grobmotorik, Konzentration, Durchhalteverm\u00f6gen, Kreativit\u00e4t, emotionale Entwicklung, Sprachpflege, Phantasie, Natur- und Sachbegegnung, Strukturen und Regeln, Musikalit\u00e4t, Bewegungsschule, k\u00f6rperliche Entwicklung sowie \u00dcbergang vom Wickelkind zum Trocken werden.<\/p>\n<p>Gerade hierbei ist es wichtig, dass dies im Sinne des Kindes, in enger Zusammenarbeit mit dem Elternhaus geschieht!<\/p>\n<div id=\"attachment_477\" style=\"width: 208px\" class=\"wp-caption alignright\"><img loading=\"lazy\" decoding=\"async\" aria-describedby=\"caption-attachment-477\" class=\"size-full wp-image-477\" src=\"https:\/\/kindergarten-kindertraum.de\/wp-content\/uploads\/2019\/11\/Gl\u00fchw\u00fcrmchen.jpg\" alt=\"\" width=\"198\" height=\"255\" \/><p id=\"caption-attachment-477\" class=\"wp-caption-text\">Gl\u00fchw\u00fcrmchen<\/p><\/div>\n<h2>Tagesablauf<\/h2>\n<p>Morgens werden die Kinder liebevoll entgegengenommen. Nach dem gemeinsamen Fr\u00fchst\u00fcck findet als Ritual unser Morgenkreis statt. Dort singen wir gemeinsam und machen Bewegungs- und Fingerspiele. Au\u00dferdem besprechen wir kurz kindgerecht den jeweiligen Tagesablauf.<\/p>\n<p>Auch bringen wir, als Erg\u00e4nzung zum Elternhaus, den Kindern mit Spa\u00df das Z\u00e4hneputzen n\u00e4her.<\/p>\n<p>T\u00e4glich werden im Wechsel verschiedene Aktivit\u00e4ten angeboten, in denen sich alle F\u00f6rderbereiche wiederfinden, wie z. B.:<\/p>\n<p>&nbsp;<\/p>\n<ul>\n<li>Geschmacksschule<\/li>\n<li>Verschiedene Tischspiele<\/li>\n<li>Puzzle, W\u00fcrfel- Steck- und Farbenspiele, sowie Perlen f\u00e4deln<\/li>\n<li>Matschen und patschen mit allen Sinnen<\/li>\n<li>Bastelaktionen &#8211; &gt; erste Erfahrung mit der Schere und der Prickelnadel<\/li>\n<\/ul>\n<p>&nbsp;<\/p>\n<h2>Bewegungsschulung<\/h2>\n<p>&nbsp;<\/p>\n<p>In diesem Altersbereich beginnen wir mit einfachen Laufspielen nach Rhythmus oder Turnspielen.<\/p>\n<p>Danach bauen wir einen Bewegungspacours auf und die Kinder laufen, klettern, rutschen, balancieren oder erfinden eigene M\u00f6glichkeiten, sich mit B\u00e4llen, Reifen, Schaukelmatten usw.<\/p>\n<p>zu bewegen.<\/p>\n<p>Wenn das Wetter es zul\u00e4sst, gehen wir raus und erkunden gemeinsam mit unseren \u201eMinis\u201c den U3 Spielplatz. Mit den \u201eU3-Bussen\u201c entdecken wir au\u00dferdem die n\u00e4here Umgebung (W\u00e4lder und Felder).<\/p>\n","protected":false},"excerpt":{"rendered":"<p>U3 Gruppe In unserem Kindergarten gibt es 2 U-3 Gruppen, die Krabbelk\u00e4fer und die Gl\u00fchw\u00fcrmchen. In jeder Gruppe finden 10 Kinder im Alter von 4 Monaten bis 3 Jahren einen Platz. Ziele der U3 Erziehung [&hellip;]<\/p>\n","protected":false},"author":1,"featured_media":0,"parent":0,"menu_order":0,"comment_status":"closed","ping_status":"closed","template":"","meta":{"footnotes":""},"class_list":["post-57","page","type-page","status-publish","hentry"],"jetpack_sharing_enabled":true,"_links":{"self":[{"href":"https:\/\/kindergarten-kindertraum.de\/index.php?rest_route=\/wp\/v2\/pages\/57","targetHints":{"allow":["GET"]}}],"collection":[{"href":"https:\/\/kindergarten-kindertraum.de\/index.php?rest_route=\/wp\/v2\/pages"}],"about":[{"href":"https:\/\/kindergarten-kindertraum.de\/index.php?rest_route=\/wp\/v2\/types\/page"}],"author":[{"embeddable":true,"href":"https:\/\/kindergarten-kindertraum.de\/index.php?rest_route=\/wp\/v2\/users\/1"}],"replies":[{"embeddable":true,"href":"https:\/\/kindergarten-kindertraum.de\/index.php?rest_route=%2Fwp%2Fv2%2Fcomments&post=57"}],"version-history":[{"count":5,"href":"https:\/\/kindergarten-kindertraum.de\/index.php?rest_route=\/wp\/v2\/pages\/57\/revisions"}],"predecessor-version":[{"id":544,"href":"https:\/\/kindergarten-kindertraum.de\/index.php?rest_route=\/wp\/v2\/pages\/57\/revisions\/544"}],"wp:attachment":[{"href":"https:\/\/kindergarten-kindertraum.de\/index.php?rest_route=%2Fwp%2Fv2%2Fmedia&parent=57"}],"curies":[{"name":"wp","href":"https:\/\/api.w.org\/{rel}","templated":true}]}}